{"id":199,"date":"2026-03-23T09:09:45","date_gmt":"2026-03-23T09:09:45","guid":{"rendered":"https:\/\/eric-grosset-coaching.com\/?page_id=199"},"modified":"2026-03-26T17:34:01","modified_gmt":"2026-03-26T17:34:01","slug":"coaching-personnel","status":"publish","type":"page","link":"https:\/\/eric-grosset-coaching.com\/index.php\/coaching-personnel\/","title":{"rendered":"Coaching Personnel"},"content":{"rendered":"<div class=\"et_pb_section_0 et_pb_section et_pb_fullwidth_section et_section_regular et_block_section\">\n<section class=\"et_pb_fullwidth_header_0 et_pb_fullwidth_header et_pb_bg_layout_dark et_pb_bg_layout_dark_phone et_pb_text_align_left et_pb_module et_flex_module preset--module--divi-fullwidth-header--default\"><div class=\"et_pb_fullwidth_header_container left\"><div class=\"header-content-container center\"><div class=\"header-content et_flex_module\"><h1 class=\"et_pb_module_header\">COACHING PERSONNEL<\/h1><span class=\"et_pb_fullwidth_header_subhead\">Accompagnement et D\u00e9veloppement<\/span><div class=\"et_pb_header_content_wrapper\"><h1><\/h1>\n<\/div><div class=\"et_pb_header_button_wrapper\"><\/div><\/div><\/div><\/div><div class=\"et_pb_fullwidth_header_overlay\"><\/div><div class=\"et_pb_fullwidth_header_scroll\"><\/div><\/section>\n<\/div>\n\n<div class=\"et_pb_section_1 et_pb_section et_section_regular et_block_section\">\n<div class=\"et_pb_row_0 et_pb_row et_block_row\">\n<div class=\"et_pb_column_0 et_pb_column et_pb_column_4_4 et-last-child et_block_column et_pb_css_mix_blend_mode_passthrough\">\n<div class=\"et_pb_text_0 et_pb_text et_pb_bg_layout_light et_pb_module et_block_module preset--module--divi-text--default\"><div class=\"et_pb_text_inner\"><h2>Retrouver du sens avec le coaching PERSONNEL<\/h2>\n<\/div><\/div>\n<\/div>\n<\/div>\n\n<div class=\"et_pb_row_1 et_pb_row et_block_row\">\n<div class=\"et_pb_column_1 et_pb_column et_pb_column_1_3 et_block_column et_pb_css_mix_blend_mode_passthrough\">\n<div class=\"et_pb_text_1 et_pb_text et_pb_bg_layout_light et_pb_module et_block_module preset--module--divi-text--default\"><div class=\"et_pb_text_inner\"><h3>R\u00e9silience, \u00c9quilibre, S\u00e9r\u00e9nit\u00e9<\/h3>\n<h4><em>Adultes - Adolescents<\/em><\/h4>\n<h5>Pr\u00e9sentiel et Distanciel<\/h5>\n<h5>Mes Outils<\/h5>\n<ul>\n<li><span style=\"color: #000000;\"><em>L'Analyse Transactionnelle pour comprendre les dynamiques personnelles et relationnelles.<\/em><em><\/em><\/span><\/li>\n<li><span style=\"color: #000000;\"><em>Le MBTI pour clarifier vos points forts et espaces de d\u00e9veloppement de la votre personnalit\u00e9.<\/em><\/span><\/li>\n<li><span style=\"color: #000000;\"><em>La Process Communication pour \u00e9couter vos besoins et adapter votre communication<\/em><\/span><\/li>\n<li><span style=\"color: #000000;\"><em>Jeux de r\u00f4le film\u00e9s pour construire un narratif authentique.<\/em><\/span><\/li>\n<li><span style=\"color: #000000;\"><em>EFT pour une lib\u00e9ration corporelle.<\/em><\/span><\/li>\n<\/ul>\n<\/div><\/div>\n<\/div>\n\n<div class=\"et_pb_column_2 et_pb_column et_pb_column_2_3 et-last-child et_block_column et_pb_css_mix_blend_mode_passthrough\">\n<div class=\"et_pb_text_2 et_pb_text et_pb_bg_layout_light et_pb_module et_block_module preset--module--divi-text--default\"><div class=\"et_pb_text_inner\"><p><span style=\"font-family: Montserrat; font-weight: normal;\">Votre pr\u00e9sent ressemble-t-il \u00e0 \u00e7a ?<\/span><\/p>\n<ul>\n<li><span style=\"font-family: Montserrat; font-weight: normal;\">Burn-out, d\u00e9sensibilisation, perte de valeurs.<\/span><\/li>\n<li><span style=\"font-family: Montserrat; font-weight: normal;\">Bore-out, perte de motivation, d\u00e9sinvestissement.<\/span><\/li>\n<li><span style=\"font-family: Montserrat; font-weight: normal;\">D\u00e9squilibre entre vie professionnelle et vie personnel.<\/span><\/li>\n<li><span style=\"font-family: Montserrat; font-weight: normal;\">D\u00e9motivation, d\u00e9primes.<\/span><\/li>\n<li><span style=\"font-family: Montserrat; font-weight: normal;\">D\u00e9calage entre votre image, votre communication et qui vous \u00eates.<\/span><\/li>\n<li><span style=\"font-family: Montserrat; font-weight: normal;\">Malaise diffus que vous n'arrivez pas \u00e0 surmonter.<\/span><\/li>\n<\/ul>\n<p><span style=\"font-family: Montserrat; font-weight: normal;\">Vous pouvez changer cela et <strong>REPRENDRE CONFIANCE<\/strong>.<\/span><\/p>\n<p><span style=\"font-family: Montserrat; font-weight: normal;\">Ensemble, <strong>NOUS<\/strong> pouvons d\u00e9bloquer votre situation, la rendre fluide et trouver des solutions en accord avec <strong>VOTRE VIE<\/strong>.<\/span><\/p>\n<h2><\/h2>\n<h2>MA d\u00e9marche<\/h2>\n<blockquote>\n<p>Un processus d\u2019accompagnement sur-mesure et pertinent pour vous mettre sur une trajectoire du mieux \u00eatre professionnel et personnel.<\/p>\n<\/blockquote>\n<ul>\n<li>4 rencontres de 2h00 \u00e0 2h30 sur une p\u00e9riode de 4 \u00e0 6 semaines pour vous permettre de vous recentrer, \u00e0 partir de vos valeurs fondamentales, sur vos besoins et d\u00e9sirs profonds, clarifier le sens de vos engagements et de votre activit\u00e9 et mettre en \u0153uvre des solutions concr\u00e8tes r\u00e9pondant \u00e0 votre probl\u00e9matique initiale<\/li>\n<li>Une approche cr\u00e9ative qui vous permet de vous connecter \u00e0 vos aspirations profondes<\/li>\n<li>Un cheminement structurant garantissant des prises de d\u00e9cision s\u00e9curise et align\u00e9es<\/li>\n<\/ul>\n<p>&nbsp;<\/p>\n<h2>Les b\u00e9n\u00e9fices du coaching PERSONNEL<\/h2>\n<ul>\n<li>Explorer ce qui fait sens pour vous et ce qui vous motive vraiment<\/li>\n<li>Remobiliser vos ressources personnelles et retrouver votre \u00e9nergie<\/li>\n<li>Prendre des d\u00e9cisions \u00e9clair\u00e9es en phase avec vous-m\u00eame<\/li>\n<li>Identifier des options concr\u00e8tes<\/li>\n<li>Retrouver de la s\u00e9r\u00e9nit\u00e9 et de l\u2019alignement int\u00e9rieur durable<\/li>\n<\/ul>\n<p>Accompagnement en pr\u00e9sentiel ou en distanciel.<\/p>\n<p>&nbsp;<\/p>\n<\/div><\/div>\n<\/div>\n<\/div>\n<\/div>","protected":false},"excerpt":{"rendered":"","protected":false},"author":1,"featured_media":0,"parent":0,"menu_order":0,"comment_status":"closed","ping_status":"closed","template":"","meta":{"footnotes":""},"class_list":["post-199","page","type-page","status-publish","hentry"],"_links":{"self":[{"href":"https:\/\/eric-grosset-coaching.com\/index.php\/wp-json\/wp\/v2\/pages\/199","targetHints":{"allow":["GET"]}}],"collection":[{"href":"https:\/\/eric-grosset-coaching.com\/index.php\/wp-json\/wp\/v2\/pages"}],"about":[{"href":"https:\/\/eric-grosset-coaching.com\/index.php\/wp-json\/wp\/v2\/types\/page"}],"author":[{"embeddable":true,"href":"https:\/\/eric-grosset-coaching.com\/index.php\/wp-json\/wp\/v2\/users\/1"}],"replies":[{"embeddable":true,"href":"https:\/\/eric-grosset-coaching.com\/index.php\/wp-json\/wp\/v2\/comments?post=199"}],"version-history":[{"count":32,"href":"https:\/\/eric-grosset-coaching.com\/index.php\/wp-json\/wp\/v2\/pages\/199\/revisions"}],"predecessor-version":[{"id":670,"href":"https:\/\/eric-grosset-coaching.com\/index.php\/wp-json\/wp\/v2\/pages\/199\/revisions\/670"}],"wp:attachment":[{"href":"https:\/\/eric-grosset-coaching.com\/index.php\/wp-json\/wp\/v2\/media?parent=199"}],"curies":[{"name":"wp","href":"https:\/\/api.w.org\/{rel}","templated":true}]}}